r when 173 is divided by 50.
23
What is the remainder when 3950 is divided by 397?
377
What is the remainder when 323 is divided by 13?
11
Calculate the remainder when 1329 is divided by 237.
144
What is the remainder when 264 is divided by 79?
27
Calculate the remainder when 427 is divided by 13.
11
What is the remainder when 72 is divided by 18?
0
What is the remainder when 1673 is divided by 334?
3
Calculate the remainder when 1817 is divided by 91.
88
Calculate the remainder when 181 is divided by 42.
13
Calculate the remainder when 234 is divided by 89.
56
Calculate the remainder when 15 is divided by 6.
3
What is the remainder when 13 is divided by 6?
1
Calculate the remainder when 5792 is divided by 126.
122
Calculate the remainder when 594 is divided by 23.
19
What is the remainder when 1461 is divided by 290?
11
Calculate the remainder when 238 is divided by 48.
46
What is the remainder when 1099 is divided by 23?
18
Calculate the remainder when 105 is divided by 55.
50
What is the remainder when 270 is divided by 13?
10
What is the remainder when 747 is divided by 17?
16
Calculate the remainder when 581 is divided by 88.
53
What is the remainder when 9687 is divided by 4839?
9
What is the remainder when 319 is divided by 78?
7
What is the remainder when 950 is divided by 202?
142
Calculate the remainder when 1028 is divided by 79.
1
What is the remainder when 1386 is divided by 107?
102
What is the remainder when 2246 is divided by 190?
156
What is the remainder when 6507 is divided by 93?
90
Calculate the remainder when 271 is divided by 27.
1
What is the remainder when 950 is divided by 28?
26
What is the remainder when 14235 is divided by 6?
3
What is the remainder when 3475 is divided by 183?
181
What is the remainder when 16 is divided by 9?
7
What is the remainder when 1651 is divided by 12?
7
Calculate the remainder when 95 is divided by 3.
2
What is the remainder when 1003 is divided by 56?
51
Calculate the remainder when 669 is divided by 121.
64
Calculate the remainder when 458 is divided by 46.
44
What is the remainder when 44 is divided by 3?
2
Calculate the remainder when 169 is divided by 22.
15
Calculate the remainder when 14 is divided by 14.
0
Calculate the remainder when 216 is divided by 99.
18
What is the remainder when 401 is divided by 30?
11
What is the remainder when 433 is divided by 4?
1
What is the remainder when 78 is divided by 42?
36
Calculate the remainder when 102 is divided by 55.
47
What is the remainder when 69 is divided by 29?
11
What is the remainder when 369 is divided by 47?
40
What is the remainder when 468 is divided by 93?
3
Calculate the remainder when 2741 is divided by 276.
257
What is the remainder when 88 is divided by 45?
43
Calculate the remainder when 4792 is divided by 2391.
10
What is the remainder when 733 is divided by 105?
103
Calculate the remainder when 187 is divided by 32.
27
Calculate the remainder when 3729 is divided by 312.
297
What is the remainder when 453 is divided by 35?
33
What is the remainder when 815 is divided by 42?
17
What is the remainder when 522 is divided by 38?
28
Calculate the remainder when 9130 is divided by 23.
22
What is the remainder when 3230 is divided by 53?
50
What is the remainder when 775 is divided by 252?
19
Calculate the remainder when 49 is divided by 14.
7
Calculate the remainder when 4030 is divided by 63.
61
What is the remainder when 1032 is divided by 15?
12
Calculate the remainder when 4275 is divided by 39.
24
What is the remainder when 265 is divided by 68?
61
What is the remainder when 36 is divided by 19?
17
What is the remainder when 7068 is divided by 21?
12
What is the remainder when 66 is divided by 21?
3
Calculate the remainder when 799 is divided by 67.
62
Calculate the remainder when 3311 is divided by 36.
35
Calculate the remainder when 1210 is divided by 243.
238
Calculate the remainder when 41 is divided by 17.
7
Calculate the remainder when 698 is divided by 79.
66
Calculate the remainder when 208 is divided by 35.
33
What is the remainder when 3167 is divided by 48?
47
What is the remainder when 254 is divided by 128?
126
What is the remainder when 1521 is divided by 12?
9
Calculate the remainder when 224 is divided by 95.
34
What is the remainder when 881 is divided by 18?
17
Calculate the remainder when 250 is divided by 18.
16
Calculate the remainder when 1347 is divided by 1338.
9
Calculate the remainder when 4984 is divided by 86.
82
Calculate the remainder when 1865 is divided by 260.
45
What is the remainder when 2407 is divided by 14?
13
Calculate the remainder when 24286 is divided by 253.
251
What is the remainder when 249 is divided by 80?
9
Calculate the remainder when 220 is divided by 53.
8
Calculate the remainder when 763 is divided by 16.
11
Calculate the remainder when 2270 is divided by 452.
10
What is the remainder when 270 is divided by 69?
63
Calculate the remainder when 484 is divided by 166.
152
What is the remainder when 457 is divided by 16?
9
What is the remainder when 8524 is divided by 6?
4
Calculate the remainder when 314 is divided by 107.
100
Calculate the remainder when 32175 is divided by 6.
3
What is the remainder when 14 is divided by 7?
0
Calculate the remainder when 2059 is divided by 676.
31
Calculate the remainder when 251 is divided by 134.
117
What is the remainder when 18 is divided by 10?
8
Calculate the remainder when 138 is divided by 51.
36
Calculate the remainder when 574 is divided by 23.
22
What is the remainder when 454 is divided by 56?
6
What is the remainder when 79 is divided by 20?
19
What is the remainder when 647 is divided by 316?
15
Calculate the remainder when 49 is divided by 14.
7
Calculate the remainder when 178 is divided by 17.
8
What is the remainder when 149 is divided by 31?
25
Calculate the remainder when 1331 is divided by 442.
5
Calculate the remainder when 68 is divided by 25.
18
What is the remainder when 545 is divided by 38?
13
Calculate the remainder when 4957 is divided by 147.
106
Calculate the remainder when 5984 is divided by 35.
34
What is the remainder when 2814 is divided by 88?
86
What is the remainder when 237 is divided by 236?
1
What is the remainder when 2574 is divided by 56?
54
Calculate the remainder when 4125 is divided by 70.
65
Calculate the remainder when 133 is divided by 51.
31
Calculate the remainder when 187 is divided by 102.
85
What is the remainder when 954 is divided by 242?
228
Calculate the remainder when 359 is divided by 5.
4
What is the remainder when 48 is divided by 31?
17
Calculate the remainder when 390 is divided by 49.
47
Calculate the remainder when 28100 is divided by 29.
28
Calculate the remainder when 29 is divided by 27.
2
What is the remainder when 797 is divided by 32?
29
What is the remainder when 93 is divided by 66?
27
Calculate the remainder when 239 is divided by 116.
7
Calculate the remainder when 1648 is divided by 548.
4
Calculate the remainder when 144 is divided by 59.
26
Calculate the remainder when 23371 is divided by 13.
10
Calculate the remainder when 1295 is divided by 9.
8
What is the remainder when 337 is divided by 57?
52
Calculate the remainder when 195 is divided by 68.
59
Calculate the remainder when 275 is divided by 242.
33
Calculate the remainder when 473 is divided by 152.
17
Calculate the remainder when 4203 is divided by 1399.
6
Calculate the remainder when 4594 is divided by 15.
4
What is the remainder when 220 is divided by 56?
52
What is the remainder when 447 is divided by 96?
63
What is the remainder when 3021 is divided by 27?
24
Calculate the remainder when 95 is divided by 38.
19
Calculate the remainder when 27 is divided by 24.
3
Calculate the remainder when 637 is divided by 10.
7
What is the remainder when 49 is divided by 7?
0
Calculate the remainder when 163 is divided by 51.
10
What is the remainder when 375 is divided by 77?
67
What is the remainder when 877 is divided by 26?
19
Calculate the remainder when 30 is divided by 19.
11
Calculate the remainder when 187 is divided by 94.
93
What is the remainder when 432 is divided by 201?
30
Calculate the remainder when 12934 is divided by 17.
14
Calculate the remainder when 986 is divided by 21.
20
What is 